{"id":900,"date":"2017-02-26T23:15:39","date_gmt":"2017-02-26T22:15:39","guid":{"rendered":"http:\/\/asff.upol.cz\/?page_id=900"},"modified":"2026-01-09T19:27:49","modified_gmt":"2026-01-09T18:27:49","slug":"volby","status":"publish","type":"page","link":"https:\/\/asff.upol.cz\/index.php\/volby\/","title":{"rendered":"Volby"},"content":{"rendered":"[vc_row parallax=&#8221;content-moving&#8221; parallax_image=&#8221;913&#8243; center_row=&#8221;yes&#8221; bg_type=&#8221;no_bg&#8221; bg_image_size=&#8221;cover&#8221; bg_img_attach=&#8221;scroll&#8221; parallax_sense=&#8221;30&#8243; animation_direction=&#8221;left-animation&#8221; animation_repeat=&#8221;repeat&#8221; viewport_vdo=&#8221;off&#8221; enable_controls=&#8221;off&#8221; bg_override=&#8221;0&#8243; parallax_content_sense=&#8221;30&#8243; fadeout_start_effect=&#8221;30&#8243; overlay_pattern_opacity=&#8221;80&#8243; overlay_pattern_attachment=&#8221;fixed&#8221; multi_color_overlay_opacity=&#8221;60&#8243; seperator_type=&#8221;none_seperator&#8221; seperator_position=&#8221;top_seperator&#8221; seperator_shape_size=&#8221;40&#8243; seperator_svg_height=&#8221;60&#8243; seperator_shape_background=&#8221;#ffffff&#8221; seperator_shape_border=&#8221;none&#8221; seperator_shape_border_width=&#8221;1&#8243; icon_type=&#8221;no_icon&#8221; icon_size=&#8221;32&#8243; icon_style=&#8221;none&#8221; icon_color_border=&#8221;#333333&#8243; icon_border_size=&#8221;1&#8243; icon_border_radius=&#8221;500&#8243; icon_border_spacing=&#8221;50&#8243; img_width=&#8221;48&#8243; ult_hide_row_large_screen=&#8221;off&#8221; ult_hide_row_desktop=&#8221;off&#8221; ult_hide_row_tablet=&#8221;off&#8221; ult_hide_row_tablet_small=&#8221;off&#8221; ult_hide_row_mobile=&#8221;off&#8221; ult_hide_row_mobile_large=&#8221;off&#8221; css=&#8221;.vc_custom_1488148377259{margin-right: -31px !important;margin-left: -31px !important;border-bottom-width: 20px !important;padding-right: 100px !important;padding-bottom: 20px !important;padding-left: 100px !important;}&#8221; min_height=&#8221;360&#8243; el_id=&#8221;intro&#8221; local_scroll_id=&#8221;intro&#8221;][vc_column][\/vc_column][\/vc_row][vc_row][vc_column][vc_tta_tour shape=&#8221;square&#8221; color=&#8221;white&#8221; spacing=&#8221;&#8221; active_section=&#8221;1&#8243; css=&#8221;.vc_custom_1488411072037{margin-top: 15px !important;}&#8221;][vc_tta_section i_type=&#8221;entypo&#8221; i_icon_entypo=&#8221;entypo-icon entypo-icon-check&#8221; add_icon=&#8221;true&#8221; title=&#8221;Pr\u016fb\u011bh voleb&#8221; tab_id=&#8221;prubeh&#8221;][vc_column_text]\n<p style=\"text-align: center;\"><span style=\"font-size: 21px;\"><strong>Kde, kdy a jak se vol\u00ed?<\/strong><\/span><\/p>\n<p style=\"text-align: center;\"><strong><span style=\"color: #3366ff; font-size: 18px;\">Volby do Akademick\u00e9ho sen\u00e1tu Univerzity Palack\u00e9ho<\/span><br \/>\n<\/strong><\/p>\n<p style=\"text-align: center;\"><span style=\"font-size: 18px;\">Vol\u00edte pouze <strong>elektronicky<\/strong>, a sice <strong>od 19. do 25. kv\u011btna 2020<\/strong> prost\u0159ednictv\u00edm <a href=\"https:\/\/nasevolby.upol.cz\/\">volebn\u00edho webu<\/a>.<\/span><\/p>\n<p style=\"text-align: center;\"><span style=\"font-size: 18px;\">Volby do tzv. Velk\u00e9ho sen\u00e1tu se \u0159\u00edd\u00ed jednoduch\u00fdm pravidlem \u201e<strong>v\u0161ichni vol\u00ed v\u0161echny<\/strong>\u201c. Tedy, ze seznamu kandid\u00e1t\u016f <strong>vyb\u00edr\u00e1te v\u017edy dva akademiky a jednoho studenta<\/strong>.<\/span><\/p>\n<p style=\"text-align: center;\"><strong><span style=\"font-size: 18px;\">P\u0159ehled kandid\u00e1t\u016f a dal\u0161\u00ed informace naleznete <a href=\"https:\/\/www.upol.cz\/univerzita\/univerzitni-organy\/volby-do-akademickeho-senatu-up-2020\/\">zde<\/a>.<\/span><\/strong><\/p>\n[\/vc_column_text][\/vc_tta_section][vc_tta_section i_type=&#8221;entypo&#8221; i_icon_entypo=&#8221;entypo-icon entypo-icon-users&#8221; add_icon=&#8221;true&#8221; title=&#8221;Seznamy kandid\u00e1t\u016f&#8221; tab_id=&#8221;kandidati&#8221;][vc_column_text]\n<p style=\"text-align: center;\"><strong><span style=\"color: #0000ff;\">Volby do Akademick\u00e9ho sen\u00e1tu Univerzity Palack\u00e9ho<\/span><\/strong><\/p>\n<p style=\"text-align: center;\"><span style=\"font-size: 18px;\"><span style=\"font-size: 16px;\">N\u00e1vrhy na kandid\u00e1ty a kandid\u00e1tky p\u0159ij\u00edmala p\u0159edsedkyn\u011b d\u00edl\u010d\u00ed volebn\u00ed komise Bc. Tereza Pol\u00e1\u010dkov\u00e1, a sice od 24. \u00fanora do 5. b\u0159ezna. Kandid\u00e1tn\u00ed listina je k dispozici <a href=\"https:\/\/asff.upol.cz\/wp-content\/uploads\/2020\/03\/Kandid\u00e1tn\u00ed-listina-do-AS-UP-na-FF-UP.pdf\">zde<\/a>.<\/span><strong><br \/>\n<\/strong><\/span><\/p>\n[\/vc_column_text][\/vc_tta_section][vc_tta_section i_type=&#8221;entypo&#8221; i_icon_entypo=&#8221;entypo-icon entypo-icon-box&#8221; add_icon=&#8221;true&#8221; title=&#8221;V\u00fdsledky voleb&#8221; tab_id=&#8221;vysledky-2020&#8243;][vc_column_text]\n<p style=\"text-align: center;\"><span style=\"font-size: 18px;\"><span style=\"font-size: 16px;\">Z\u00e1pis Hlavn\u00ed volebn\u00ed komise a pr\u016fb\u011b\u017en\u00e9 v\u00fdsledky voleb do AS UP jsou <a href=\"https:\/\/asff.upol.cz\/wp-content\/uploads\/2020\/05\/Prubezna_zprava_HVK_pro_volby_do_AS_UP_2020.pdf\"><strong>k dispozici zde<\/strong><\/a>.<\/span><br \/>\n<\/span><\/p>\n[\/vc_column_text][\/vc_tta_section][vc_tta_section i_type=&#8221;entypo&#8221; i_icon_entypo=&#8221;entypo-icon entypo-icon-megaphone&#8221; add_icon=&#8221;true&#8221; title=&#8221;Etick\u00fd kodex&#8221; tab_id=&#8221;eticky-kodex&#8221;][vc_column_text]<span style=\"font-size: 18px;\"><strong>Etick\u00fd kodex pro volebn\u00ed kampan\u011b na FF UP<\/strong><\/span><\/p>\n<ul>\n<li>Kampa\u0148 by se nem\u011bla konat ve volebn\u00ed m\u00edstnosti a jej\u00edm bl\u00edzk\u00e9m okol\u00ed.<\/li>\n<li>Kampa\u0148 by nem\u011bla prob\u00edhat b\u011bhem v\u00fduky.<\/li>\n<li>Kampa\u0148 by m\u011bla b\u00fdt vedena f\u00e9rov\u00fdmi prost\u0159edky a m\u011bla by b\u00fdt prosta nem\u00edstn\u00fdch \u00fatok\u016f.<\/li>\n<li>Obsah kampan\u011b by m\u011bl reflektovat postaven\u00ed a pravomoci AS FF UP.<\/li>\n<li>Podoba kampan\u011b by m\u011bla b\u00fdt hodna akademick\u00e9ho prost\u0159ed\u00ed.<\/li>\n<li>Ke kampani by nem\u011blo b\u00fdt zneu\u017eito elektronick\u00fdch \u00fadaj\u016f a datab\u00e1z\u00ed spojen\u00fdch s\u00a0organizac\u00ed v\u00fduky na FF UP.<\/li>\n<li>Elektronick\u00e9 i prezen\u010dn\u00ed hlasov\u00e1n\u00ed by nem\u011blo b\u00fdt organizov\u00e1no b\u011bhem v\u00fduky, bezprost\u0159edn\u011b p\u0159ed v\u00fdukou a po n\u00ed.<\/li>\n<li>Mand\u00e1t sen\u00e1tora AS FF UP by nem\u011bl b\u00fdt vykon\u00e1v\u00e1n osobami, kter\u00e9 na jin\u00fdch fakult\u00e1ch a univerzit\u00e1ch jsou ve vedouc\u00edch, mana\u017eersk\u00fdch a volen\u00fdch funkc\u00edch.<\/li>\n<\/ul>\n[\/vc_column_text][\/vc_tta_section][vc_tta_section i_icon_fontawesome=&#8221;fa fa-id-card&#8221; add_icon=&#8221;true&#8221; title=&#8221;Volebn\u00ed komise&#8221; tab_id=&#8221;1577916880035-bea13828-0bf8&#8243;][vc_column_text]\n<p style=\"text-align: center;\">Na 19. zased\u00e1n\u00ed Akademick\u00e9ho sen\u00e1tu FF UP byly z\u0159\u00edzeny volebn\u00ed komise pro volby do fakultn\u00edho a do univerzitn\u00edho sen\u00e1tu.<\/p>\n<p style=\"text-align: center;\"><span style=\"color: #3366ff;\"><strong>Komise pro volby do Akademick\u00e9ho sen\u00e1tu Univerzity Palack\u00e9ho<\/strong><\/span><\/p>\n<p style=\"text-align: center;\"><strong>Bc. Tereza Pol\u00e1\u010dkov\u00e1 (p\u0159edsedkyn\u011b)<br \/>\n<\/strong>Katedra historie, Na Hrad\u011b 5, m\u00edstnost 3.07a<br \/>\n<a href=\"mailto:tereza.polackova01@upol.cz\">tereza.polackova01@upol.cz <\/a><\/p>\n<p style=\"text-align: center;\"><strong>Bc. Krist\u00edna Pito\u0148\u00e1kov\u00e1 (m\u00edstop\u0159edsedkyn\u011b)<br \/>\n<\/strong>Katedra politologie a evropsk\u00fdch studi\u00ed, K\u0159\u00ed\u017ekovsk\u00e9ho 12, m\u00edstnost 2.30<br \/>\n<a href=\"mailto:kristina.pitonakova01@upol.cz\">kristina.pitonakova01@upol.cz <\/a><\/p>\n<p style=\"text-align: center;\"><strong>Kate\u0159ina Hartmanov\u00e1<\/strong><\/p>\n<p style=\"text-align: center;\"><strong>Bc. Jakub Janega<\/strong><\/p>\n<p style=\"text-align: center;\"><strong>Bc. V\u00e1clav Pokora<\/strong><\/p>\n<p style=\"text-align: center;\"><strong>Bc. Ivana \u0158\u00edhov\u00e1<\/strong><\/p>\n<p style=\"text-align: center;\"><strong>Bc. Michal Sou\u010dek<\/strong><\/p>\n<p style=\"text-align: center;\"><strong>PhDr. Ji\u0159\u00ed \u0160ubrt, Ph.D.<\/strong><\/p>\n<p style=\"text-align: center;\">Volebn\u00ed komise zaji\u0161\u0165uj\u00ed volby jednotliv\u00fdch akademick\u00fdch sen\u00e1t\u016f a dohl\u00ed\u017e\u00ed na jejich \u0159\u00e1dn\u00fd pr\u016fb\u011bh. P\u0159edsedovi a p\u0159edsedkyni volebn\u00ed komise se pod\u00e1vaj\u00ed n\u00e1vrhy na kandid\u00e1ty a kandid\u00e1tky.<\/p>\n[\/vc_column_text][\/vc_tta_section][\/vc_tta_tour][vc_column_text]\n<p><span style=\"font-size: 18px;\"><strong>Co d\u011bl\u00e1 akademick\u00fd sen\u00e1t?<\/strong><\/span><\/p>\n<p>Akademick\u00fd sen\u00e1t je org\u00e1n vnit\u0159n\u00ed samospr\u00e1vy univerzity, kter\u00fd spolupracuje s\u00a0veden\u00edm \u2013 rektorem nebo d\u011bkanem. Funguje na \u00farovni cel\u00e9 univerzity, ale z\u00e1rove\u0148 m\u00e1 je\u0161t\u011b ka\u017ed\u00e1 fakulta sv\u016fj vlastn\u00ed sen\u00e1t.<\/p>\n<p>Akademick\u00fd sen\u00e1t UP i FF UP pln\u00ed obdobn\u00e9 \u00fakoly. Schvaluje rozpo\u010det, jmenuje \u010di odvol\u00e1v\u00e1 rektora\/d\u011bkana a kontroluje \u010dinnost veden\u00ed univerzity\/fakulty. Projedn\u00e1v\u00e1 celou \u0159adu univerzitn\u00edch p\u0159edpis\u016f a norem. Mimoto se vyjad\u0159uje k celkov\u00e9mu sm\u011b\u0159ov\u00e1n\u00ed a hospoda\u0159en\u00ed univerzity\/fakulty.<\/p>\n<p>&nbsp;<\/p>\n<p><strong><span style=\"font-size: 16px;\">Akademick\u00fd sen\u00e1t UP (AS UP) m\u00e1:<\/span><\/strong><\/p>\n<ul>\n<li><span style=\"font-size: 14px;\">8 \u010dlen\u016f z\u00a0\u0159ad student\u016f,<\/span><\/li>\n<li><span style=\"font-size: 14px;\">16 \u010dlen\u016f z\u00a0\u0159ad akademick\u00fdch pracovn\u00edk\u016f.<\/span><\/li>\n<\/ul>\n<p><span style=\"font-size: 14px;\">Studenti i akademici vol\u00ed stejn\u011b:<\/span><\/p>\n<ul>\n<li><span style=\"font-size: 14px;\">1 kandid\u00e1ta z \u0159ad student\u016f,<\/span><\/li>\n<li><span style=\"font-size: 14px;\">2 kandid\u00e1ty z \u0159ad akademick\u00fdch pracovn\u00edk\u016f.<\/span><\/li>\n<\/ul>\n[\/vc_column_text][\/vc_column][\/vc_row]\n","protected":false},"excerpt":{"rendered":"<p>[vc_row parallax=&#8221;content-moving&#8221; parallax_image=&#8221;913&#8243; center_row=&#8221;yes&#8221; bg_type=&#8221;no_bg&#8221; bg_image_size=&#8221;cover&#8221; bg_img_attach=&#8221;scroll&#8221; parallax_sense=&#8221;30&#8243; animation_direction=&#8221;left-animation&#8221; animation_repeat=&#8221;repeat&#8221; viewport_vdo=&#8221;off&#8221; enable_controls=&#8221;off&#8221; bg_override=&#8221;0&#8243; parallax_content_sense=&#8221;30&#8243; fadeout_start_effect=&#8221;30&#8243; overlay_pattern_opacity=&#8221;80&#8243; overlay_pattern_attachment=&#8221;fixed&#8221; multi_color_overlay_opacity=&#8221;60&#8243; seperator_type=&#8221;none_seperator&#8221; seperator_position=&#8221;top_seperator&#8221; seperator_shape_size=&#8221;40&#8243; seperator_svg_height=&#8221;60&#8243; seperator_shape_background=&#8221;#ffffff&#8221; seperator_shape_border=&#8221;none&#8221; seperator_shape_border_width=&#8221;1&#8243; icon_type=&#8221;no_icon&#8221; icon_size=&#8221;32&#8243; icon_style=&#8221;none&#8221; icon_color_border=&#8221;#333333&#8243; icon_border_size=&#8221;1&#8243; icon_border_radius=&#8221;500&#8243; icon_border_spacing=&#8221;50&#8243; img_width=&#8221;48&#8243; ult_hide_row_large_screen=&#8221;off&#8221; ult_hide_row_desktop=&#8221;off&#8221; ult_hide_row_tablet=&#8221;off&#8221; ult_hide_row_tablet_small=&#8221;off&#8221; ult_hide_row_mobile=&#8221;off&#8221; ult_hide_row_mobile_large=&#8221;off&#8221; css=&#8221;.vc_custom_1488148377259{margin-right:&hellip;<\/p>\n","protected":false},"author":1,"featured_media":0,"parent":0,"menu_order":0,"comment_status":"closed","ping_status":"closed","template":"","meta":{"footnotes":""},"class_list":["post-900","page","type-page","status-publish","hentry","entry","no-media"],"_links":{"self":[{"href":"https:\/\/asff.upol.cz\/index.php\/wp-json\/wp\/v2\/pages\/900","targetHints":{"allow":["GET"]}}],"collection":[{"href":"https:\/\/asff.upol.cz\/index.php\/wp-json\/wp\/v2\/pages"}],"about":[{"href":"https:\/\/asff.upol.cz\/index.php\/wp-json\/wp\/v2\/types\/page"}],"author":[{"embeddable":true,"href":"https:\/\/asff.upol.cz\/index.php\/wp-json\/wp\/v2\/users\/1"}],"replies":[{"embeddable":true,"href":"https:\/\/asff.upol.cz\/index.php\/wp-json\/wp\/v2\/comments?post=900"}],"version-history":[{"count":120,"href":"https:\/\/asff.upol.cz\/index.php\/wp-json\/wp\/v2\/pages\/900\/revisions"}],"predecessor-version":[{"id":1811,"href":"https:\/\/asff.upol.cz\/index.php\/wp-json\/wp\/v2\/pages\/900\/revisions\/1811"}],"wp:attachment":[{"href":"https:\/\/asff.upol.cz\/index.php\/wp-json\/wp\/v2\/media?parent=900"}],"curies":[{"name":"wp","href":"https:\/\/api.w.org\/{rel}","templated":true}]}}