{"id":849,"date":"2017-02-24T15:43:33","date_gmt":"2017-02-24T14:43:33","guid":{"rendered":"http:\/\/asff.upol.cz\/?page_id=849"},"modified":"2025-10-21T10:49:16","modified_gmt":"2025-10-21T09:49:16","slug":"o-senatu","status":"publish","type":"page","link":"https:\/\/asff.upol.cz\/index.php\/o-senatu\/","title":{"rendered":"Role sen\u00e1tu"},"content":{"rendered":"[vc_row parallax=&#8221;content-moving&#8221; parallax_image=&#8221;1349&#8243; center_row=&#8221;yes&#8221; bg_type=&#8221;no_bg&#8221; bg_image_size=&#8221;cover&#8221; bg_img_attach=&#8221;scroll&#8221; parallax_sense=&#8221;30&#8243; animation_direction=&#8221;left-animation&#8221; animation_repeat=&#8221;repeat&#8221; viewport_vdo=&#8221;off&#8221; enable_controls=&#8221;off&#8221; bg_override=&#8221;0&#8243; parallax_content_sense=&#8221;30&#8243; fadeout_start_effect=&#8221;30&#8243; overlay_pattern_opacity=&#8221;80&#8243; overlay_pattern_attachment=&#8221;fixed&#8221; multi_color_overlay_opacity=&#8221;60&#8243; seperator_type=&#8221;none_seperator&#8221; seperator_position=&#8221;top_seperator&#8221; seperator_shape_size=&#8221;40&#8243; seperator_svg_height=&#8221;60&#8243; seperator_shape_background=&#8221;#ffffff&#8221; seperator_shape_border=&#8221;none&#8221; seperator_shape_border_width=&#8221;1&#8243; icon_type=&#8221;no_icon&#8221; icon_size=&#8221;32&#8243; icon_style=&#8221;none&#8221; icon_color_border=&#8221;#333333&#8243; icon_border_size=&#8221;1&#8243; icon_border_radius=&#8221;500&#8243; icon_border_spacing=&#8221;50&#8243; img_width=&#8221;48&#8243; ult_hide_row_large_screen=&#8221;off&#8221; ult_hide_row_desktop=&#8221;off&#8221; ult_hide_row_tablet=&#8221;off&#8221; ult_hide_row_tablet_small=&#8221;off&#8221; ult_hide_row_mobile=&#8221;off&#8221; ult_hide_row_mobile_large=&#8221;off&#8221; css=&#8221;.vc_custom_1544615462387{margin-right: -31px !important;margin-left: -31px !important;border-bottom-width: 20px !important;padding-right: 100px !important;padding-bottom: 20px !important;padding-left: 100px !important;}&#8221; min_height=&#8221;360&#8243; el_id=&#8221;intro&#8221; local_scroll_id=&#8221;intro&#8221;][vc_column][\/vc_column][\/vc_row][vc_row][vc_column width=&#8221;3\/4&#8243;]<div class=\"vcex-spacing\" style=\"height:30px\"><\/div>[vc_column_text css_animation=&#8221;top-to-bottom&#8221;]<strong>Akademick\u00fd sen\u00e1t Filozofick\u00e9 fakulty Univerzity Palack\u00e9ho<\/strong>\u00a0je samospr\u00e1vn\u00fd zastupitelsk\u00fd org\u00e1n, z\u0159\u00edzen\u00fd z\u00e1konem o vysok\u00fdch \u0161kol\u00e1ch (\u00a7 23 odst. 2 a \u00a7 25 odst. 1 p\u00edsm. a\/). Jeho \u010dleny vol\u00ed ze sv\u00fdch \u0159ad\u00a0<em>akademick\u00e1 obec<\/em>\u00a0FF UP (tedy studenti a pedagogov\u00e9). AS FF UP <a href=\"https:\/\/asff.upol.cz\/index.php\/senatori\/\">m\u00e1 celkem 21 \u010dlen\u016f<\/a>, z toho 14 pedagog\u016f a 7 student\u016f.<\/p>\n<p>V \u010dele fakultn\u00edho sen\u00e1tu stoj\u00ed p\u0159edseda a m\u00edstop\u0159edsedov\u00e9. Chod sen\u00e1tu podl\u00e9h\u00e1 vnit\u0159n\u00edmu p\u0159edpisu FF UP \u2013 <a href=\"https:\/\/files.upol.cz\/sites%2Fpub%2FPubNormy%2FFF-A-25-08_volebni_rad_signed.pdf\">volebn\u00edmu<\/a> a <a href=\"https:\/\/files.upol.cz\/sites%2Fpub%2FPubNormy%2FFF_A_25_19_Jednaci_rad_AS_FF_UP-signed.pdf\">jednac\u00edmu \u0159\u00e1du<\/a> akademick\u00e9ho sen\u00e1tu a <a href=\"https:\/\/files.upol.cz\/sites%2Fpub%2FPubNormy%2FFF-A-25-06_Statut_FF_UP_signed.pdf\">Statutu Filozofick\u00e9 fakulty<\/a>. Je volen na t\u0159\u00edlet\u00e9 funk\u010dn\u00ed obdob\u00ed. Funkce v r\u00e1mci akademick\u00e9ho sen\u00e1tu jsou neplacen\u00e9. Mand\u00e1t sou\u010dasn\u00e9ho sen\u00e1tu za\u010dal v b\u0159eznu 2020 a kon\u010d\u00ed v b\u0159eznu 2023.<\/p>\n<p><strong>Akademick\u00fd sen\u00e1t fakulty zejm\u00e9na:<\/strong><\/p>\n<ul>\n<li>usn\u00e1\u0161\u00ed se na n\u00e1vrhu jmenov\u00e1n\u00ed\u00a0d\u011bkana, p\u0159\u00edpadn\u011b jeho odvol\u00e1n\u00ed z funkce<\/li>\n<li>schvaluje rozd\u011blen\u00ed finan\u010dn\u00edch prost\u0159edk\u016f fakulty a kontroluje jejich vyu\u017e\u00edv\u00e1n\u00ed<\/li>\n<li>schvaluje vnit\u0159n\u00ed p\u0159edpisy fakulty a postupuje je ke schv\u00e1len\u00ed akademick\u00e9mu sen\u00e1tu vysok\u00e9 \u0161koly<\/li>\n<li>schvaluje podm\u00ednky pro p\u0159ijet\u00ed ke studiu ve studijn\u00edch programech uskute\u010d\u0148ovan\u00fdch na fakult\u011b<\/li>\n<li>schvaluje v\u00fdro\u010dn\u00ed zpr\u00e1vu o \u010dinnosti a v\u00fdro\u010dn\u00ed zpr\u00e1vu o hospoda\u0159en\u00ed fakulty p\u0159edlo\u017eenou d\u011bkanem<\/li>\n<li>schvaluje dlouhodob\u00fd z\u00e1m\u011br fakulty a jeho ka\u017edoro\u010dn\u00ed aktualizaci<\/li>\n<li>schvaluje n\u00e1vrh d\u011bkana na jmenov\u00e1n\u00ed a odvol\u00e1n\u00ed \u010dlen\u016f disciplin\u00e1rn\u00ed komise a \u010dlen\u016f v\u011bdeck\u00e9 rady dan\u00e9 fakulty<\/li>\n<li>vyjad\u0159uje se k n\u00e1vrh\u016fm studijn\u00edch program\u016f uskute\u010d\u0148ovan\u00fdch na fakult\u011b a k z\u00e1m\u011bru d\u011bkana jmenovat prod\u011bkany<\/li>\n<li>rozhoduje o z\u0159\u00edzen\u00ed, slou\u010den\u00ed, splynut\u00ed, rozd\u011blen\u00ed nebo zru\u0161en\u00ed fakultn\u00edch pracovi\u0161\u0165<\/li>\n<\/ul>\n<p>Zased\u00e1n\u00ed fakultn\u00edho akademick\u00e9ho sen\u00e1tu jsou ve\u0159ejn\u011b p\u0159\u00edstupn\u00e1. D\u011bkan m\u00e1 pr\u00e1vo vystoupit na zased\u00e1n\u00ed, kdykoliv o to po\u017e\u00e1d\u00e1. Na \u017e\u00e1dost d\u011bkana je tak\u00e9 p\u0159edseda fakultn\u00edho akademick\u00e9ho sen\u00e1tu povinen svolat mimo\u0159\u00e1dn\u00e9 zased\u00e1n\u00ed AS.[\/vc_column_text][\/vc_column][vc_column width=&#8221;1\/4&#8243;]<div class=\"vcex-spacing\" style=\"height:44px\"><\/div>[\/vc_column][\/vc_row]\n","protected":false},"excerpt":{"rendered":"<p>[vc_row parallax=&#8221;content-moving&#8221; parallax_image=&#8221;1349&#8243; center_row=&#8221;yes&#8221; bg_type=&#8221;no_bg&#8221; bg_image_size=&#8221;cover&#8221; bg_img_attach=&#8221;scroll&#8221; parallax_sense=&#8221;30&#8243; animation_direction=&#8221;left-animation&#8221; animation_repeat=&#8221;repeat&#8221; viewport_vdo=&#8221;off&#8221; enable_controls=&#8221;off&#8221; bg_override=&#8221;0&#8243; parallax_content_sense=&#8221;30&#8243; fadeout_start_effect=&#8221;30&#8243; overlay_pattern_opacity=&#8221;80&#8243; overlay_pattern_attachment=&#8221;fixed&#8221; multi_color_overlay_opacity=&#8221;60&#8243; seperator_type=&#8221;none_seperator&#8221; seperator_position=&#8221;top_seperator&#8221; seperator_shape_size=&#8221;40&#8243; seperator_svg_height=&#8221;60&#8243; seperator_shape_background=&#8221;#ffffff&#8221; seperator_shape_border=&#8221;none&#8221; seperator_shape_border_width=&#8221;1&#8243; icon_type=&#8221;no_icon&#8221; icon_size=&#8221;32&#8243; icon_style=&#8221;none&#8221; icon_color_border=&#8221;#333333&#8243; icon_border_size=&#8221;1&#8243; icon_border_radius=&#8221;500&#8243; icon_border_spacing=&#8221;50&#8243; img_width=&#8221;48&#8243; ult_hide_row_large_screen=&#8221;off&#8221; ult_hide_row_desktop=&#8221;off&#8221; ult_hide_row_tablet=&#8221;off&#8221; ult_hide_row_tablet_small=&#8221;off&#8221; ult_hide_row_mobile=&#8221;off&#8221; ult_hide_row_mobile_large=&#8221;off&#8221; css=&#8221;.vc_custom_1544615462387{margin-right:&hellip;<\/p>\n","protected":false},"author":1,"featured_media":0,"parent":0,"menu_order":0,"comment_status":"closed","ping_status":"closed","template":"","meta":{"footnotes":""},"class_list":["post-849","page","type-page","status-publish","hentry","entry","no-media"],"_links":{"self":[{"href":"https:\/\/asff.upol.cz\/index.php\/wp-json\/wp\/v2\/pages\/849","targetHints":{"allow":["GET"]}}],"collection":[{"href":"https:\/\/asff.upol.cz\/index.php\/wp-json\/wp\/v2\/pages"}],"about":[{"href":"https:\/\/asff.upol.cz\/index.php\/wp-json\/wp\/v2\/types\/page"}],"author":[{"embeddable":true,"href":"https:\/\/asff.upol.cz\/index.php\/wp-json\/wp\/v2\/users\/1"}],"replies":[{"embeddable":true,"href":"https:\/\/asff.upol.cz\/index.php\/wp-json\/wp\/v2\/comments?post=849"}],"version-history":[{"count":24,"href":"https:\/\/asff.upol.cz\/index.php\/wp-json\/wp\/v2\/pages\/849\/revisions"}],"predecessor-version":[{"id":2393,"href":"https:\/\/asff.upol.cz\/index.php\/wp-json\/wp\/v2\/pages\/849\/revisions\/2393"}],"wp:attachment":[{"href":"https:\/\/asff.upol.cz\/index.php\/wp-json\/wp\/v2\/media?parent=849"}],"curies":[{"name":"wp","href":"https:\/\/api.w.org\/{rel}","templated":true}]}}

Role senátu

[vc_row parallax=&#8221;content-moving&#8221; parallax_image=&#8221;1349&#8243; center_row=&#8221;yes&#8221; bg_type=&#8221;no_bg&#8221; bg_image_size=&#8221;cover&#8221; bg_img_attach=&#8221;scroll&#8221; parallax_sense=&#8221;30&#8243; animation_direction=&#8221;left-animation&#8221; animation_repeat=&#8221;repeat&#8221; viewport_vdo=&#8221;off&#8221; enable_controls=&#8221;off&#8221; bg_override=&#8221;0&#8243; parallax_content_sense=&#8221;30&#8243; fadeout_start_effect=&#8221;30&#8243; overlay_pattern_opacity=&#8221;80&#8243; overlay_pattern_attachment=&#8221;fixed&#8221; multi_color_overlay_opacity=&#8221;60&#8243; seperator_type=&#8221;none_seperator&#8221; seperator_position=&#8221;top_seperator&#8221; seperator_shape_size=&#8221;40&#8243; seperator_svg_height=&#8221;60&#8243; seperator_shape_background=&#8221;#ffffff&#8221; seperator_shape_border=&#8221;none&#8221; seperator_shape_border_width=&#8221;1&#8243; icon_type=&#8221;no_icon&#8221; icon_size=&#8221;32&#8243; icon_style=&#8221;none&#8221; icon_color_border=&#8221;#333333&#8243; icon_border_size=&#8221;1&#8243; icon_border_radius=&#8221;500&#8243; icon_border_spacing=&#8221;50&#8243; img_width=&#8221;48&#8243; ult_hide_row_large_screen=&#8221;off&#8221; ult_hide_row_desktop=&#8221;off&#8221; ult_hide_row_tablet=&#8221;off&#8221; ult_hide_row_tablet_small=&#8221;off&#8221; ult_hide_row_mobile=&#8221;off&#8221; ult_hide_row_mobile_large=&#8221;off&#8221; css=&#8221;.vc_custom_1544615462387{margin-right: -31px !important;margin-left: -31px !important;border-bottom-width: 20px !important;padding-right: 100px !important;padding-bottom: 20px !important;padding-left: 100px !important;}&#8221; min_height=&#8221;360&#8243; el_id=&#8221;intro&#8221; local_scroll_id=&#8221;intro&#8221;][vc_column][/vc_column][/vc_row][vc_row][vc_column width=&#8221;3/4&#8243;]<div class="vcex-spacing" style="height:30px"></div>[vc_column_text css_animation=&#8221;top-to-bottom&#8221;]<strong>Akademický senát Filozofické fakulty Univerzity Palackého</strong> je samosprávný zastupitelský orgán, zřízený zákonem o vysokých školách (§ 23 odst. 2 a § 25 odst. 1 písm. a/). Jeho členy volí ze svých řad <em>akademická obec</em> FF UP (tedy studenti a pedagogové). AS FF UP <a href="https://asff.upol.cz/index.php/senatori/">má celkem 21 členů</a>, z toho 14 pedagogů a 7 studentů.</p>
<p>V čele fakultního senátu stojí předseda a místopředsedové. Chod senátu podléhá vnitřnímu předpisu FF UP – <a href="https://files.upol.cz/sites%2Fpub%2FPubNormy%2FFF-A-25-08_volebni_rad_signed.pdf">volebnímu</a> a <a href="https://files.upol.cz/sites%2Fpub%2FPubNormy%2FFF_A_25_19_Jednaci_rad_AS_FF_UP-signed.pdf">jednacímu řádu</a> akademického senátu a <a href="https://files.upol.cz/sites%2Fpub%2FPubNormy%2FFF-A-25-06_Statut_FF_UP_signed.pdf">Statutu Filozofické fakulty</a>. Je volen na tříleté funkční období. Funkce v rámci akademického senátu jsou neplacené. Mandát současného senátu začal v březnu 2020 a končí v březnu 2023.</p>
<p><strong>Akademický senát fakulty zejména:</strong></p>
<ul>
<li>usnáší se na návrhu jmenování děkana, případně jeho odvolání z funkce</li>
<li>schvaluje rozdělení finančních prostředků fakulty a kontroluje jejich využívání</li>
<li>schvaluje vnitřní předpisy fakulty a postupuje je ke schválení akademickému senátu vysoké školy</li>
<li>schvaluje podmínky pro přijetí ke studiu ve studijních programech uskutečňovaných na fakultě</li>
<li>schvaluje výroční zprávu o činnosti a výroční zprávu o hospodaření fakulty předloženou děkanem</li>
<li>schvaluje dlouhodobý záměr fakulty a jeho každoroční aktualizaci</li>
<li>schvaluje návrh děkana na jmenování a odvolání členů disciplinární komise a členů vědecké rady dané fakulty</li>
<li>vyjadřuje se k návrhům studijních programů uskutečňovaných na fakultě a k záměru děkana jmenovat proděkany</li>
<li>rozhoduje o zřízení, sloučení, splynutí, rozdělení nebo zrušení fakultních pracovišť</li>
</ul>
<p>Zasedání fakultního akademického senátu jsou veřejně přístupná. Děkan má právo vystoupit na zasedání, kdykoliv o to požádá. Na žádost děkana je také předseda fakultního akademického senátu povinen svolat mimořádné zasedání AS.[/vc_column_text][/vc_column][vc_column width=&#8221;1/4&#8243;]<div class="vcex-spacing" style="height:44px"></div>[/vc_column][/vc_row]
