{"id":1234,"date":"2017-10-07T16:43:38","date_gmt":"2017-10-07T15:43:38","guid":{"rendered":"http:\/\/asff.upol.cz\/?page_id=1234"},"modified":"2026-04-23T10:06:32","modified_gmt":"2026-04-23T09:06:32","slug":"senatni-komise","status":"publish","type":"page","link":"https:\/\/asff.upol.cz\/index.php\/slozeni-senatu\/senatni-komise\/","title":{"rendered":"Sen\u00e1tn\u00ed komise"},"content":{"rendered":"[vc_row][vc_column]<div class=\"vcex-spacing\" style=\"height:16px\"><\/div>[vc_column_text]\n<p style=\"text-align: left; padding-left: 200px;\"><span style=\"color: #3ab0e1; font-size: 32px; font-family: 'PT Sans';\">Sen\u00e1tn\u00ed komise<\/span><\/p>\n[\/vc_column_text][\/vc_column][\/vc_row][vc_row][vc_column]<div class=\"vcex-module vcex-heading vcex-heading-plain vc_custom_1507391748683\"><span class=\"vcex-heading-inner clr\">Ekonomick\u00e1 komise<\/span><\/div>[\/vc_column][\/vc_row][vc_row][vc_column][vc_toggle title=&#8221;Co d\u011bl\u00e1 tato komise?&#8221; style=&#8221;round_outline&#8221;]Ekonomick\u00e1 komise je poradn\u00edm org\u00e1nem sen\u00e1tu, kter\u00fd je z\u0159izov\u00e1n na z\u00e1klad\u011b Jednac\u00edho \u0159\u00e1du AS FF UP. Komise se zaob\u00edr\u00e1 p\u0159edev\u0161\u00edm finan\u010dn\u00edmi ot\u00e1zkami, kter\u00e9 souvis\u00ed s chodem fakulty. Komise z\u00e1rove\u0148 projedn\u00e1v\u00e1 n\u00e1vrh rozpo\u010dtu fakulty a vyd\u00e1v\u00e1 sen\u00e1tu p\u0159\u00edpadn\u00e9 (ne)doporu\u010duj\u00edc\u00ed stanovisko.[\/vc_toggle][vc_column_text css_animation=&#8221;none&#8221;]<strong>P\u0159edseda<\/strong><\/p>\n<ul>\n<li>Mgr. Ond\u0159ej Kro\u010dil Ph.D.<\/li>\n<\/ul>\n<p><strong>\u010clenov\u00e9<\/strong><\/p>\n<ul>\n<li>PhDr. Old\u0159ich B\u0159enek, Ph.D. (Centrum jazykov\u00e9ho vzd\u011bl\u00e1v\u00e1n\u00ed)<\/li>\n<li>PhDr. Martin Dolej\u0161, Ph.D. (Katedra psychologie)<\/li>\n<li>Mgr. Jan Kij (Katedra germanistiky)<\/li>\n<li>Franti\u0161ek Kratochv\u00edl, M.A., Ph.D. (Katedra asijsk\u00fdch studi\u00ed)<\/li>\n<li>prof. PhDr. Ji\u0159\u00ed Lach, M.A., Ph.D. (Katedra politologie a evropsk\u00fdch studi\u00ed)<\/li>\n<li>PhDr. Tom\u00e1\u0161 Somer, Ph.D. (Katedra historie)<\/li>\n<li>prof. Mgr. Lic. Lenka Zaj\u00edcov\u00e1, Ph.D. (Katedra romanistiky)<\/li>\n<li>doc. Ing. Jarmila Zimmermannov\u00e1, Ph.D. (Katedra ekonomick\u00fdch a mana\u017eersk\u00fdch studi\u00ed)<\/li>\n<\/ul>\n[\/vc_column_text][\/vc_column][\/vc_row][vc_row][vc_column]<div class=\"vcex-module vcex-heading vcex-heading-plain vc_custom_1507392036690\"><span class=\"vcex-heading-inner clr\">Studijn\u00ed komise<\/span><\/div>[\/vc_column][\/vc_row][vc_row][vc_column][vc_toggle title=&#8221;Co d\u011bl\u00e1 tato komise?&#8221; style=&#8221;round_outline&#8221;]Studijn\u00ed komise diskutuje a p\u0159edjedn\u00e1v\u00e1 jako poradn\u00ed org\u00e1n sen\u00e1tu p\u0159edev\u0161\u00edm ty ot\u00e1zky, kter\u00e9 souvis\u00ed se studijn\u00edmi z\u00e1le\u017eitostmi. A\u0165 u\u017e se jedn\u00e1 o studijn\u00ed z\u00e1m\u011bry \u010di podm\u00ednky p\u0159ij\u00edmac\u00edho \u0159\u00edzen\u00ed. Stejn\u011b jako ekonomick\u00e1 komise vyd\u00e1v\u00e1 k projedn\u00e1van\u00fdm dokument\u016fm (ne)doporu\u010duj\u00edc\u00ed stanoviska sen\u00e1tu.[\/vc_toggle][vc_column_text css_animation=&#8221;none&#8221;]<strong>P\u0159edsedkyn\u011b<\/strong><\/p>\n<ul>\n<li>Mgr. Tommy \u0160merda<\/li>\n<\/ul>\n<p><strong>\u010clenov\u00e9<\/strong><\/p>\n<ul>\n<li>Mgr. Anna Rufer B\u00edl\u00e1, PhD. (Katedra divadeln\u00edch a filmov\u00fdch studi\u00ed)<\/li>\n<li>Mgr. Michaela \u010cak\u00e1nyov\u00e1, Ph.D. (Katedra anglistiky a amerikanistiky)<\/li>\n<li>Mgr. Darina Hradilov\u00e1, Ph.D. (Katedra bohemistiky)<\/li>\n<li>Mgr. et. Mgr. Libu\u0161e Korman\u00edkov\u00e1 (Katedra psychologie)<\/li>\n<li>Bc. Samuel Zhu (Katedra asijsk\u00fdch studi\u00ed)<\/li>\n<\/ul>\n[\/vc_column_text][\/vc_column][\/vc_row]\n","protected":false},"excerpt":{"rendered":"<p>[vc_row][vc_column][vc_column_text] Sen\u00e1tn\u00ed komise [\/vc_column_text][\/vc_column][\/vc_row][vc_row][vc_column][\/vc_column][\/vc_row][vc_row][vc_column][vc_toggle title=&#8221;Co d\u011bl\u00e1 tato komise?&#8221; style=&#8221;round_outline&#8221;]Ekonomick\u00e1 komise je poradn\u00edm org\u00e1nem sen\u00e1tu, kter\u00fd je z\u0159izov\u00e1n na z\u00e1klad\u011b Jednac\u00edho \u0159\u00e1du AS FF UP. Komise se zaob\u00edr\u00e1 p\u0159edev\u0161\u00edm finan\u010dn\u00edmi ot\u00e1zkami, kter\u00e9 souvis\u00ed s chodem fakulty. Komise z\u00e1rove\u0148 projedn\u00e1v\u00e1 n\u00e1vrh rozpo\u010dtu&hellip;<\/p>\n","protected":false},"author":1,"featured_media":0,"parent":1230,"menu_order":0,"comment_status":"closed","ping_status":"closed","template":"","meta":{"footnotes":""},"class_list":["post-1234","page","type-page","status-publish","hentry","entry","no-media"],"_links":{"self":[{"href":"https:\/\/asff.upol.cz\/index.php\/wp-json\/wp\/v2\/pages\/1234","targetHints":{"allow":["GET"]}}],"collection":[{"href":"https:\/\/asff.upol.cz\/index.php\/wp-json\/wp\/v2\/pages"}],"about":[{"href":"https:\/\/asff.upol.cz\/index.php\/wp-json\/wp\/v2\/types\/page"}],"author":[{"embeddable":true,"href":"https:\/\/asff.upol.cz\/index.php\/wp-json\/wp\/v2\/users\/1"}],"replies":[{"embeddable":true,"href":"https:\/\/asff.upol.cz\/index.php\/wp-json\/wp\/v2\/comments?post=1234"}],"version-history":[{"count":41,"href":"https:\/\/asff.upol.cz\/index.php\/wp-json\/wp\/v2\/pages\/1234\/revisions"}],"predecessor-version":[{"id":2520,"href":"https:\/\/asff.upol.cz\/index.php\/wp-json\/wp\/v2\/pages\/1234\/revisions\/2520"}],"up":[{"embeddable":true,"href":"https:\/\/asff.upol.cz\/index.php\/wp-json\/wp\/v2\/pages\/1230"}],"wp:attachment":[{"href":"https:\/\/asff.upol.cz\/index.php\/wp-json\/wp\/v2\/media?parent=1234"}],"curies":[{"name":"wp","href":"https:\/\/api.w.org\/{rel}","templated":true}]}}